/30)/(2/(-3)))/1. Let w be 2 + 1/((b + 5)/20). Calculate the highest common divisor of w and f.
7
Suppose -6*c + 2*c = 116. Let n(m) = 13*m + 41. Let i(g) = -6*g + 2. Let a(t) = 2*i(t) + n(t). Let k be a(c). What is the greatest common divisor of 64 and k?
16
Let b(t) = t**3 + t**2 - 28*t - 9. Let u be b(5). Let x(h) = 4*h**2 + 7*h - 3. Let f be x(u). What is the greatest common factor of 712 and f?
8
Let c be 4/((704/162074)/8). What is the highest common factor of 106 and c?
53
Let c(v) = v**2 + 4*v - 6. Let g be c(7). Suppose -63 = -2*k + 3*j, 3*k - g = 2*j + 16. Calculate the greatest common factor of 27 and k.
27
Suppose 0 = -3*x + 3*c + 260 + 355, -c + 2 = 0. What is the highest common divisor of 6 and x?
3
Suppose -2*n + 799 = 5*v - 228, 2*n = -v + 1023. Calculate the highest common divisor of 7 and n.
7
Let h be (-3 - (-60)/16)/(35/420). Let v = -146 - -147. Calculate the greatest common divisor of v and h.
1
Let v be 0 + 387 - (56 - 49). What is the greatest common divisor of v and 160?
20
Let k(n) = -3*n**3 + 67*n**2 - 200*n + 16. Let q be k(11). Calculate the highest common divisor of 10 and q.
10
Let m be 210/(-9)*180/(-150). Calculate the greatest common factor of 812 and m.
28
Let c = -5459 + 5727. Calculate the greatest common factor of 4690 and c.
134
Suppose 0 = 13*b + 92*b + 1956 - 33876. Suppose -2*r - a = -73, 2*a + 6 = -2*r + 76. Calculate the greatest common divisor of r and b.
38
Suppose 4*x + 0*x + 808 = -2*j, -3*j = -x + 1198. Let w = -235 - j. Suppose 12*b - 41 - 139 = 0. Calculate the greatest common factor of w and b.
15
Let c be ((-1809)/15)/(9 - 92/10). Calculate the greatest common divisor of 9 and c.
9
Suppose 3*c = -2*q + 2*c + 398, -c - 196 = -q. Suppose 0 = -201*m + q*m + 96. What is the greatest common divisor of 304 and m?
16
Let u = -92948 - -92955. Let f(x) = -7*x**3 - x**2 - x. Let c be f(-1). What is the highest common factor of u and c?
7
Suppose b + 225 = 220. Let m = 16 - b. Calculate the highest common factor of m and 77.
7
Let m be (-5 - -2) + 2/(4/(-6)). Let g = m + 38. Let q(j) = j**2 - 9*j - 6. Let z be q(10). What is the highest common factor of g and z?
4
Let u(x) = x**3 - 5*x**2 + 5*x - 1. Let z be u(5). Let w be (-10)/(-2) - (-1 - 14 - 4). Calculate the highest common divisor of z and w.
24
Suppose -470*t - 246 = -5*k - 473*t, 4*t = 4*k - 216. What is the highest common divisor of 2635 and k?
17
Suppose -2*c + 28 = -3*h, 2*h - 7*h - 45 = -3*c. Let k be 4/h + 29/3. Let j(i) = -9*i + 495. Let g be j(53). What is the greatest common factor of g and k?
9
Suppose 2*v - 1232 = 5*k, -10*k = -8*k - 3*v + 495. Let m = -194 - k. Calculate the highest common divisor of m and 416.
52
Suppose 3*d = -2*d + 3*h - 1242, -d - 252 = 3*h. Let z = -220 - d. Calculate the highest common divisor of 58 and z.
29
Let c = -7 + 15. Let h be 28/(-3)*((-15)/(-7))/((-2877)/70 + 41). What is the greatest common factor of c and h?
8
Let h(w) = -w**3 + 18*w**2 + 25*w + 12. Let k be h(19). Let q = k + 95. What is the greatest common divisor of q and 17?
17
Suppose -10*r + 0*r + 7738 = 988. Calculate the highest common divisor of 900 and r.
225
Let d = 8496 + -8181. What is the highest common divisor of d and 56?
7
Let k(p) be the third derivative of p**5/60 - p**4/8 - 3*p**3 - 52*p**2. Let j be k(-9). Calculate the highest common factor of j and 120.
30
Suppose 0 = 3*h + 5*r + 1526, 5*r - r + 1018 = -2*h. Let y = -439 - h. What is the highest common factor of y and 20?
4
Let m(h) = h**2 - 62*h + 195. Let t be m(62). What is the highest common divisor of 5889 and t?
39
Let t(l) = -90*l**3 + 6*l**2 + 5*l - 1. Let w = 8 + -9. Let r be t(w). What is the greatest common divisor of r and 27?
9
Suppose 138*d = 139*d - 16. Let r be (2/d)/(3/24). Let l = 3 - -4. What is the highest common factor of r and l?
1
Let t = 97 + -72. Suppose 0 = -6*f + t + 23. Let i(g) = g**3 - 6*g**2 - 6*g + 16. Let b be i(f). Calculate the highest common divisor of 24 and b.
24
Suppose 140454 = -3*t - 19*t + 56*t. What is the highest common divisor of t and 2601?
153
Let a = 6365 - 5413. What is the highest common divisor of a and 680?
136
Let g be ((-972)/432)/(1/(-76)*1). Calculate the highest common divisor of g and 1311.
57
Let v = 47 + -35. Suppose -3*h = -v - 75. Calculate the highest common divisor of h and 319.
29
Suppose 0 = 70*x - 66*x + 40. Let j be 15/((-15)/x - 0). Calculate the highest common factor of j and 230.
10
Let x(f) = f**2 + 10*f + 22. Let s be x(-9). Let o = -78 + 104. What is the highest common factor of o and s?
13
Let n be (1039 + -2)*(0 - -2) - -3. What is the highest common factor of n and 93?
31
Let k = 41 + -11. Let o(p) = 24*p + 22*p + 21*p + 102 - 82*p + 21*p. Let j be o(38). Calculate the greatest common factor of k and j.
30
Let d = 4407 + -4401. What is the greatest common divisor of 192 and d?
6
Suppose -147648 = 206*v - 530287 - 90955. Calculate the greatest common factor of 152 and v.
19
Let r(x) = 17*x**2 + 35 + 15 - 17*x - 6*x**2 - 250*x**3 - 18 + 249*x**3. Let y be r(9). Calculate the highest common factor of y and 205.
41
Suppose -22*o = -16*o - 1248. Let n = 547 - o. Let h = n + -199. Calculate the highest common divisor of 28 and h.
28
Let j be (-3258)/(-905) + 19782/5. What is the greatest common factor of 605 and j?
55
Let k = 6875 - 4763. What is the highest common divisor of 33 and k?
33
Let q = -7525 - -7545. Let m be 588 + (-8)/12*-3. What is the highest common factor of q and m?
10
Suppose 14503 = 20*f - 577. What is the highest common divisor of 1566 and f?
58
Suppose 2*i - z - 42 = 42, -4*i = 3*z - 178. Let u = 627 + -240. Calculate the highest common factor of i and u.
43
Suppose -29*p = -5*p - 888. Let o = p + -31. What is the greatest common factor of o and 6?
6
Let t(g) = -6*g + 2889. Let h be t(10). Calculate the highest common factor of 164 and h.
41
Suppose 3*c = 260 - 44. Suppose -528 = 66*h - c*h. What is the greatest common factor of 220 and h?
44
Let y = 6721 + -6668. Calculate the greatest common factor of 18 and y.
1
Suppose -140*y = 48*y + 39*y - 33596. Calculate the highest common factor of y and 4477.
37
Let o(h) = 5*h - 50. Let t be o(11). Suppose 0 = -t*n + 145 + 85. Calculate the greatest common factor of 506 and n.
46
Let y be 6 - 8/(-12)*24. Let l be 4/y + 6286/154. What is the highest common divisor of 164 and l?
41
Suppose -4*d - 3*o = -948, o - 710 = -3*d - o. Let g(f) = 11*f - 18. Let y be g(4). Calculate the highest common divisor of y and d.
26
Suppose 0 = -5*i + 2*y + 23, 4*i + 4*y = -0 - 4. Suppose -791 = -f - 5*q, 4*f = -0*q - i*q + 3130. What is the greatest common factor of f and 71?
71
Let i = -40018 - -44894. Calculate the greatest common factor of 530 and i.
106
Let a(w) = 2*w**2 + 71*w - 234. Let h be a(-39). Let o = 1405 - 742. Calculate the highest common divisor of o and h.
39
Let q be (36/(-2)*(-24)/72)/(2/676). Calculate the highest common factor of q and 36.
12
Let p(z) = 2*z**2 + 20*z + 93 + 0*z**2 + z**2 - 4*z**2 + 2*z**2. Let a be p(-24). Let d be (-7)/((-8)/6 - -1). Calculate the greatest common factor of a and d.
21
Let j be (-637)/(-3) + ((-16)/(-6))/4. Suppose 0 = 4*i - j + 53. Calculate the greatest common divisor of i and 280.
40
Suppose 189015 - 333682 = -54*h + 267461. What is the greatest common factor of 106 and h?
106
Let a be 100/6*3510/75. Suppose 11*b = 9*b + 5*j + 390, 4*b - a = -2*j. Calculate the greatest common divisor of b and 325.
65
Let j = 37 + 13. Suppose 5*s - 222 = -4*n, 0 = s - 0*n - 2*n - j. Let c be s/(-69)*(1 + (-1 - 84)). Calculate the highest common factor of 7 and c.
7
Let p = 17145 - 15710. What is the highest common divisor of 14 and p?
7
Let k(y) = y**3 - 31*y**2 + 86*y + 49. Let j be k(28). Suppose 2*m - 27 = 15. What is the highest common divisor of m and j?
21
Suppose 0*i + 30 = 2*i. Let l be (20 - (-15 - -25))*3. What is the greatest common factor of i and l?
15
Let i = -5028 - -5318. Calculate the highest common divisor of i and 110.
10
Let v = -22 - -38. Let a = v - 7. Suppose -a = r - 34. What is the highest common factor of r and 10?
5
Let x be 8 - (-225)/(-30) - ((-295950)/12 - -2). What is the greatest common divisor of x and 91?
91
Suppose -34*w + 2720 = 46*w. Calculate the highest common divisor of 6375 an